{"id":290,"date":"2021-09-28T11:55:50","date_gmt":"2021-09-28T11:55:50","guid":{"rendered":"https:\/\/xn--pflegekrfte-plus-2nb.de\/?page_id=290"},"modified":"2022-08-09T16:09:40","modified_gmt":"2022-08-09T16:09:40","slug":"impressum","status":"publish","type":"page","link":"https:\/\/xn--pflegekrfte-plus-2nb.de\/index.php\/impressum\/","title":{"rendered":"Impressum"},"content":{"rendered":"<p><span><img decoding=\"async\" alt=\"\" title=\"pflegekr\u00e4fteplus\" data-id=\"247\" src=\"https:\/\/xn--pflegekrfte-plus-2nb.de\/wp-content\/uploads\/2021\/09\/pflegekraefteplus.jpg\" style=\"\" data-init-width=\"1719\" data-init-height=\"479\" loading=\"lazy\" width=\"1719\" height=\"479\"><\/span>  <span><a href=\"https:\/\/xn--pflegekrfte-plus-2nb.de\/\"><img decoding=\"async\" alt=\"\" data-id=\"51\" data-init-width=\"900\" data-init-height=\"197\" title=\"careserves 900x197\" src=\"https:\/\/xn--pflegekrfte-plus-2nb.de\/wp-content\/uploads\/2021\/08\/careserves-900x197-1.jpg\" data-width=\"571\" data-height=\"125\" style=\"\" data-link-wrap=\"true\" loading=\"lazy\" width=\"571\" height=\"125\"><\/a><\/span>   <a href=\"#\">   <\/a> <\/p>\n<ul id=\"m-17fa6cd4a16\" data-iid=\"10\">\n<li data-id=\"1\" data-item-display-desktop=\"text\" style=\"\"> <a href=\"https:\/\/pflegekr\u00e4fte-plus.de\/\" style=\"\"> <span>Startseite<\/span><\/a> <\/li>\n<li style=\"\" data-id=\"2\" data-item-display-desktop=\"text\"> <a href=\"https:\/\/pflegekr\u00e4fte-plus.de\/#tve-jump-17f7487a7ca\" style=\"\"> <span>\u00dcber uns<\/span><\/a> <\/li>\n<li data-id=\"3\" data-item-display-desktop=\"text\" style=\"\"> <a href=\"https:\/\/pflegekr\u00e4fte-plus.de\/#tve-jump-17f74a21824\" style=\"\"> <span>Dienstleistungen<\/span><span><\/span><\/a>\n<ul>\n<li data-id=\"5\" data-item-display-desktop=\"text\" style=\"\"> <a href=\"https:\/\/pflegekr\u00e4fte-plus.de\/index.php\/fuer-arbeitgeber\/\" style=\"\"><span data-icon=\"l0z49z4s\"><\/span><span> <span>  <\/span> <\/span> <span><strong><\/strong>F\u00fcr Arbeitgeber<\/span><\/a> <\/li>\n<li data-id=\"6\" data-item-display-desktop=\"text\" style=\"\"> <a href=\"https:\/\/xn--pflegekrfte-plus-2nb.de\/index.php\/fuer-arbeitnehmer\/\" style=\"\"><span data-icon=\"l0z49z4s\"><\/span><span> <span>  <\/span> <\/span> <span>F\u00fcr Arbeitnehmer<\/span><\/a> <\/li>\n<li data-id=\"4\" data-item-display-desktop=\"text\" style=\"\"> <a href=\"https:\/\/xn--pflegekrfte-plus-2nb.de\/index.php\/spezialisierung\/\" style=\"\"><span data-icon=\"l0z49z4s\"><\/span><span> <span>  <\/span> <\/span> <span>Spezialisierung<\/span><\/a> <\/li>\n<li data-id=\"7\" data-item-display-desktop=\"text\" style=\"\"> <a href=\"https:\/\/xn--pflegekrfte-plus-2nb.de\/index.php\/ablauf-vermittlung\/\" style=\"\"><span data-icon=\"l0z49z4s\"><\/span><span> <span>  <\/span> <\/span> <span>Ablauf der Vermittlung<\/span><\/a> <\/li>\n<\/ul>\n<\/li>\n<li data-id=\"8\" data-item-display-desktop=\"text\" style=\"\"> <a href=\"https:\/\/pflegekr\u00e4fte-plus.de\/#tve-jump-17fa6cf96cd\" style=\"\"> <span>Team<\/span><\/a> <\/li>\n<li data-id=\"9\" data-item-display-desktop=\"text\" style=\"\"> <a href=\"https:\/\/xn--pflegekrfte-plus-2nb.de\/index.php\/kontakt\/\" style=\"\"> <span>Kontakt<\/span><\/a> <\/li>\n<\/ul>\n<p style=\"text-align: center;\">Impressum<\/p>\n<p>Angaben gem\u00e4\u00df \u00a7 5 TMG:<\/p>\n<\/p>\n<p>Gesellschaft und Postanschrift:<\/p>\n<p>CareServs GmbH<\/p>\n<p>Kleine Emser Stra\u00dfe 2<\/p>\n<p>D 56203 H\u00f6hr-Grenzhausen<\/p>\n<\/p>\n<p>Kontakt:<\/p>\n<p>Tel.: +49 2624 1854160<\/p>\n<p>E-Mail: info@careservs.com<\/p>\n<\/p>\n<p>Vertretungsberechtigter Gesellschafter: Achim Sch\u00fcler<\/p>\n<\/p>\n<p>Handelsregister Registergericht Montabaur<\/p>\n<p>Registernummer HRB 27402<\/p>\n<\/p>\n<p>Umsatzsteuer-Identifikationsnummer gem\u00e4\u00df \u00a727 a Umsatzsteuergesetz: DE336140718<\/p>\n<\/p>\n<p>Gem\u00e4\u00df \u00a7 37 VSBG sind wir verpflichtet, Sie darauf hinzuweisen, dass f\u00fcr Streitigkeiten zwischen Verbrauchern und Unternehmen Streitschlichtungsstellen eingerichtet wurden. Wir nehmen derzeit nicht an Streitbeilegungsverfahren vor einer Verbraucherschlichtungsstelle teil und sind dazu nicht verpflichtet. Sie k\u00f6nnen sich an diese Stellen wenden, die Teilnahme ist f\u00fcr beide Seiten aber freiwillig.<\/p>\n<\/p>\n<p><b>Allgemeine Verbraucherschlichtungsstelle:<\/b><\/p>\n<p>Zentrum f\u00fcr Schlichtung e.V. | Stra\u00dfburger Str. 8 77694 Kehl | mail@verbraucher-schlichter.de<\/p>\n<\/p>\n<p><b>Online-Streitbeilegung gem\u00e4\u00df Art. 14 Abs. 1 ODR-Verordnung:<\/b><\/p>\n<p>Die Europ\u00e4ische Kommission stellt eine Plattform zur Online-Streitbeilegung (OS-Plattform) bereit. Sie erreichen diese unter http:\/\/ec.europa.eu\/consumers\/odr\/.<\/p>\n<\/p>\n<p><b>Bildrechte<\/b><\/p>\n<p>\u00a9 shutterstock_137096804 &#8211; Shutterstock.com<\/p>\n<p>\u00a9 shutterstock_155865980 &#8211; Shutterstock.com<\/p>\n<p>\u00a9 shutterstock_233232274 &#8211; Shutterstock.com<\/p>\n<p>\u00a9 shutterstock_314385713 &#8211; Shutterstock.com<\/p>\n<p>\u00a9 shutterstock_509712679 &#8211; Shutterstock.com<\/p>\n<p>\u00a9 shutterstock_577135213 &#8211; Shutterstock.com<\/p>\n<p>\u00a9 shutterstock_704565700 &#8211; Shutterstock.com<\/p>\n<p>\u00a9 shutterstock_1095905027 &#8211; Shutterstock.com<\/p>\n<p>\u00a9 shutterstock_414854557- Shutterstock.com<\/p>\n<p>\u00a9 shutterstock_155442365 &#8211; Shutterstock.com<\/p>\n<p>\u00a9 shutterstock_616485443 &#8211; Shutterstock.com<\/p>\n<p>\u00a9 shutterstock_1381579229 &#8211; Shutterstock.com<\/p>\n<p>\u00a9 shutterstock_246098401- Shutterstock.com<\/p>\n<p>\u00a9 shutterstock_1352975267- Shutterstock.com<\/p>\n<p>\u00a9 shutterstock_385171264 &#8211; Shutterstock.com<\/p>\n<p>\u00a9 shutterstock_1029028150 &#8211; Shutterstock.com<\/p>\n<p>\u00a9 shutterstock_1133220305 &#8211; Shutterstock.com<\/p>\n<p>\u00a9 shutterstock_1578056623 &#8211; Shutterstock.com<\/p>\n<p>\u00a9 shutterstock_1117577723 &#8211; Shutterstock.com<\/p>\n<p>\u00a9 shutterstock_185575937 &#8211; Shutterstock.com<\/p>\n<p>\u00a9 shutterstock_1103094797 &#8211; Shutterstock.com<\/p>\n<p>\u00a9 shutterstock_1418127359 &#8211; Shutterstock.com<\/p>\n<p>\u00a9 shutterstock_146147567 &#8211; Shutterstock.com<\/p>\n<p>\u00a9 shutterstock_606479687 &#8211; Shutterstock.com<\/p>\n<p>\u00a9 shutterstock_624644441 &#8211; Shutterstock.com<\/p>\n<p>\u00a9 shutterstock_ 221450410 &#8211; Shutterstock.com<\/p>\n<p>\u00a9 shutterstock_1559807681 &#8211; Shutterstock.com<\/p>\n<p>\u00a9 shutterstock_1214917426 &#8211; Shutterstock.com<\/p>\n<p>\u00a9 shutterstock_ 1028408452 &#8211; Shutterstock.com<\/p>\n<p>\u00a9 shutterstock_ 1158383875- Shutterstock.com<\/p>\n<p>\u00a9 AdobeStock_299890292 &#8211; stock.adobe.com<\/p>\n<p><span><a href=\"https:\/\/xn--pflegekrfte-plus-2nb.de\/\"><img decoding=\"async\" alt=\"\" data-id=\"87\" data-init-width=\"660\" data-init-height=\"194\" title=\"Project\" loading=\"lazy\" src=\"https:\/\/xn--pflegekrfte-plus-2nb.de\/wp-content\/uploads\/2021\/08\/Project.jpg\" data-width=\"509\" data-height=\"150\" style=\"\" data-link-wrap=\"true\" width=\"509\" height=\"150\"><\/a><\/span><\/p>\n<p style=\"text-align: center;\"><strong>+49 2624 185416 0<\/strong><\/p>\n<p style=\"text-align: center;\"><a href=\"mailto:info@pflegekr%C3%A4fte-plus.de\" target=\"_blank\" style=\"outline: none;\" rel=\"noopener\"><strong>info@careservs.com<\/strong><\/a><\/p>\n<p style=\"text-align: center;\"><strong>Kleine Emser Stra\u00dfe 2<\/strong><\/p>\n<p style=\"text-align: center;\"><strong>56203 H\u00f6hr-Grenzhausen<\/strong><\/p>\n<p style=\"text-align: center;\"><strong>Germany<\/strong><\/p>\n<p style=\"text-align: left;\"><a href=\"https:\/\/xn--pflegekrfte-plus-2nb.de\/?page_id=279\" style=\"outline: none;\">Kontakt<\/a>&nbsp; &nbsp; <a href=\"https:\/\/xn--pflegekrfte-plus-2nb.de\/?page_id=290\" style=\"outline: none;\"> Impressum<\/a> &nbsp; &nbsp; <a href=\"https:\/\/xn--pflegekrfte-plus-2nb.de\/?page_id=295\" style=\"outline: none;\">Datenschutz<\/a>&nbsp;<\/p>\n<p style=\"text-align: left;\"><span><span style=\"color: rgb(102, 102, 102);\">\u00a9 2021&nbsp;<\/span><\/span><span style=\"color: rgb(102, 102, 102);\"><span>Alle Rechte vorbehalten | CareServs GmbH<\/span><\/span><\/p>\n","protected":false},"excerpt":{"rendered":"<p>Startseite \u00dcber uns Dienstleistungen F\u00fcr Arbeitgeber F\u00fcr Arbeitnehmer Spezialisierung Ablauf der Vermittlung Team Kontakt Impressum Angaben gem\u00e4\u00df \u00a7 5 TMG: Gesellschaft und Postanschrift: CareServs GmbH Kleine Emser Stra\u00dfe 2 D 56203 H\u00f6hr-Grenzhausen Kontakt: Tel.: +49 2624 1854160 E-Mail: info@careservs.com Vertretungsberechtigter Gesellschafter: Achim Sch\u00fcler Handelsregister Registergericht Montabaur Registernummer HRB 27402 Umsatzsteuer-Identifikationsnummer gem\u00e4\u00df \u00a727 a Umsatzsteuergesetz: DE336140718&hellip; <a class=\"more-link\" href=\"https:\/\/xn--pflegekrfte-plus-2nb.de\/index.php\/impressum\/\"><span class=\"screen-reader-text\">Impressum<\/span> weiterlesen<\/a><\/p>\n","protected":false},"author":1,"featured_media":0,"parent":0,"menu_order":0,"comment_status":"closed","ping_status":"closed","template":"","meta":{"footnotes":""},"_links":{"self":[{"href":"https:\/\/xn--pflegekrfte-plus-2nb.de\/index.php\/wp-json\/wp\/v2\/pages\/290"}],"collection":[{"href":"https:\/\/xn--pflegekrfte-plus-2nb.de\/index.php\/wp-json\/wp\/v2\/pages"}],"about":[{"href":"https:\/\/xn--pflegekrfte-plus-2nb.de\/index.php\/wp-json\/wp\/v2\/types\/page"}],"author":[{"embeddable":true,"href":"https:\/\/xn--pflegekrfte-plus-2nb.de\/index.php\/wp-json\/wp\/v2\/users\/1"}],"replies":[{"embeddable":true,"href":"https:\/\/xn--pflegekrfte-plus-2nb.de\/index.php\/wp-json\/wp\/v2\/comments?post=290"}],"version-history":[{"count":29,"href":"https:\/\/xn--pflegekrfte-plus-2nb.de\/index.php\/wp-json\/wp\/v2\/pages\/290\/revisions"}],"predecessor-version":[{"id":913,"href":"https:\/\/xn--pflegekrfte-plus-2nb.de\/index.php\/wp-json\/wp\/v2\/pages\/290\/revisions\/913"}],"wp:attachment":[{"href":"https:\/\/xn--pflegekrfte-plus-2nb.de\/index.php\/wp-json\/wp\/v2\/media?parent=290"}],"curies":[{"name":"wp","href":"https:\/\/api.w.org\/{rel}","templated":true}]}}